
36
What is the highest common divisor of 275740 and 2108?
68
What is the greatest common divisor of 4158 and 7434?
126
What is the greatest common factor of 31 and 62124?
31
What is the greatest common divisor of 124 and 300?
4
What is the highest common factor of 411 and 249?
3
Calculate the highest common divisor of 1653 and 45258.
57
What is the greatest common divisor of 423 and 42018?
141
What is the greatest common factor of 270 and 11190?
30
Calculate the highest common factor of 33319 and 26.
13
What is the highest common divisor of 6912 and 121500?
108
What is the highest common factor of 32704 and 16576?
448
Calculate the highest common factor of 13983 and 26019.
177
Calculate the greatest common factor of 14125160 and 280.
280
What is the greatest common divisor of 20988 and 27?
9
What is the highest common factor of 29 and 23536?
1
What is the highest common divisor of 122864 and 448?
112
Calculate the greatest common factor of 1275 and 24888.
51
What is the highest common factor of 3274587 and 81?
81
What is the highest common divisor of 62552 and 280?
56
Calculate the greatest common divisor of 1736 and 378.
14
What is the highest common divisor of 1688 and 225559?
211
What is the greatest common factor of 1700630 and 10?
10
Calculate the highest common divisor of 2400 and 3075.
75
What is the highest common factor of 189999 and 7533?
837
Calculate the highest common factor of 64881 and 4628.
89
What is the highest common factor of 252 and 28308?
84
What is the highest common divisor of 216 and 60372?
108
What is the greatest common divisor of 695 and 1385?
5
What is the highest common factor of 120 and 421720?
40
Calculate the greatest common divisor of 1726550 and 14.
14
What is the greatest common divisor of 18006 and 222?
6
What is the greatest common factor of 40290 and 20400?
510
Calculate the greatest common divisor of 3132 and 756.
108
What is the highest common divisor of 33198 and 858?
66
What is the highest common factor of 610254 and 162?
162
What is the greatest common factor of 95 and 2195?
5
Calculate the highest common factor of 730270 and 3502.
206
Calculate the greatest common divisor of 264 and 2424114.
66
What is the greatest common factor of 4964 and 9636?
292
Calculate the highest common factor of 2295 and 128265.
255
What is the greatest common factor of 271939 and 1?
1
Calculate the highest common divisor of 4456270 and 26.
26
What is the highest common factor of 480 and 813360?
240
Calculate the greatest common factor of 34010 and 2864.
358
What is the greatest common factor of 16014 and 1256?
314
What is the greatest common divisor of 11052 and 1422?
18
What is the highest common factor of 3341233 and 161?
161
What is the highest common divisor of 817 and 5977?
43
What is the greatest common divisor of 25996 and 3104?
388
What is the greatest common divisor of 851 and 276?
23
What is the highest common factor of 4526 and 1898?
146
What is the greatest common factor of 438464 and 4960?
992
What is the greatest common factor of 1785 and 453135?
255
Calculate the highest common factor of 18408 and 456.
24
Calculate the greatest common factor of 100 and 41500.
100
Calculate the highest common factor of 6041 and 875.
7
What is the greatest common divisor of 6 and 1709?
1
Calculate the highest common divisor of 15 and 118245.
15
What is the greatest common factor of 621 and 966?
69
Calculate the greatest common factor of 76 and 247399.
19
Calculate the greatest common divisor of 91 and 2219.
7
What is the highest common divisor of 1056922 and 166?
166
Calculate the highest common factor of 2303 and 13181.
49
What is the highest common divisor of 72 and 2100114?
18
What is the greatest common factor of 1328 and 4233?
83
Calculate the highest common factor of 784 and 488.
8
What is the highest common factor of 1427050 and 50?
50
What is the greatest common divisor of 94 and 56541?
47
What is the greatest common divisor of 27645 and 2793?
57
What is the greatest common divisor of 858600 and 30?
30
Calculate the highest common factor of 90 and 1643805.
45
Calculate the highest common divisor of 95201 and 37.
37
What is the greatest common divisor of 76 and 358606?
38
Calculate the greatest common factor of 195984 and 288.
144
Calculate the highest common divisor of 52323 and 1793.
163
What is the greatest common factor of 26912 and 256?
32
Calculate the greatest common divisor of 55358 and 3560.
178
What is the highest common divisor of 15945 and 570?
15
Calculate the highest common factor of 22927 and 19749.
227
What is the greatest common divisor of 3204 and 1958?
178
What is the highest common divisor of 19 and 108623?
19
Calculate the highest common factor of 21 and 96.
3
What is the greatest common factor of 219369 and 249?
249
What is the greatest common divisor of 3946626 and 86?
86
Calculate the highest common divisor of 264342 and 78.
78
Calculate the greatest common factor of 32998 and 350.
14
Calculate the greatest common factor of 2495 and 31437.
499
What is the highest common factor of 9763 and 23127?
13
Calculate the greatest common divisor of 227409 and 50421.
1029
Calculate the highest common factor of 264576 and 2688.
384
Calculate the highest common factor of 3136 and 7744.
64
Calculate the greatest common factor of 245 and 295015.
35
What is the highest common factor of 8 and 5816984?
8
Calculate the highest common divisor of 124271 and 1148.
287
What is the highest common divisor of 20210 and 4730?
430
What is the highest common factor of 4605 and 6?
3
What is the greatest common factor of 469185 and 8215?
155
What is the highest common divisor of 156395 and 93?
31
What is the greatest common factor of 716 and 58354?
358
What is the highest common divisor of 6610 and 30?
10
What is the greatest common divisor of 359239 and 1043?
149
Calculate the greatest common factor of 848691 and 765.
153
What is the greatest common divisor of 12273198 and 73?
73
What is the highest common factor of 347737 and 299?
299
What is the highest common divisor of 501201 and 2565?
513
What is the greatest common factor of 12650 and 1702?
46
Calculate the greatest common divisor of 245 and 34153.
49
What is the greatest common factor of 139554 and 174?
6
Calculate the highest common divisor of 24 and 1958100.
12
Calculate the highest common divisor of 105534 and 44.
22
What is the greatest common divisor of 13019 and 66203?
277
What is the highest common factor of 67664 and 64?
16
What is the greatest common divisor of 250 and 23210?
10
What is the greatest common factor of 1048 and 110826?
262
Calculate the greatest common divisor of 5722488 and 54.
54
What is the highest common factor of 4209954 and 42?
42
Calculate the highest common divisor of 30914 and 18386.
58
Calculate the highest common divisor of 32631 and 48837.
219
What is the highest common divisor of 9582 and 90?
6
What is the highest common factor of 47759 and 489?
163
Calculate the highest common factor of 2548869 and 291.
291
Calculate the highest common factor of 5 and 80210.
5
Calculate the greatest common divisor of 8632 and 728.
104
Calculate the highest common factor of 1287 and 65923.
143
Calculate the greatest common divisor of 857 and 1141524.
857
Calculate the greatest common factor of 5310 and 19620.
90
Calculate the highest common factor of 3989536 and 24.
8
Calculate the greatest common divisor of 233424 and 288.
144
Calculate the highest common factor of 3901 and 4747.
47
Calculate the greatest common factor of 436738 and 10286.
278
What is the highest common divisor of 459 and 37791?
153
Calculate the greatest common divisor of 168798 and 42.
42
Calculate the highest common factor of 8820 and 1976415.
735
Calculate the greatest common factor of 1635228 and 2060.
412
Calculate the highest common divisor of 160 and 9335.
5
What is the greatest common divisor of 59290 and 220?
110
What is the highest common factor of 347472 and 132?
12
Calculate the highest common factor of 351 and 75348.
117
What is the highest common divisor of 80808 and 120?
24
What is the greatest common divisor of 52909 and 6437?
157
What is the highest common factor of 38 and 248140?
38
Calculate the greatest common divisor of 1183 and 32396.
91
What is the hig